 the hundreds digit of 2523?
5
What is the hundreds digit of 88222?
2
What is the tens digit of 2008?
0
What is the units digit of 32236?
6
What is the thousands digit of 1765?
1
What is the thousands digit of 1032?
1
What is the thousands digit of 71859?
1
What is the hundreds digit of 20543?
5
What is the tens digit of 14792?
9
What is the thousands digit of 31005?
1
What is the hundreds digit of 57551?
5
What is the thousands digit of 42089?
2
What is the units digit of 18262?
2
What is the tens digit of 65441?
4
What is the hundreds digit of 435?
4
What is the thousands digit of 21486?
1
What is the ten thousands digit of 10220?
1
What is the hundreds digit of 16755?
7
What is the hundreds digit of 5515?
5
What is the hundreds digit of 159?
1
What is the tens digit of 1175?
7
What is the hundreds digit of 8999?
9
What is the units digit of 63?
3
What is the units digit of 2009?
9
What is the tens digit of 1552?
5
What is the tens digit of 4859?
5
What is the thousands digit of 1578?
1
What is the tens digit of 228?
2
What is the units digit of 8711?
1
What is the tens digit of 77174?
7
What is the tens digit of 340?
4
What is the hundreds digit of 48139?
1
What is the hundreds digit of 461?
4
What is the hundred thousands digit of 159845?
1
What is the ten thousands digit of 29284?
2
What is the hundreds digit of 16495?
4
What is the tens digit of 2436?
3
What is the thousands digit of 27167?
7
What is the thousands digit of 3324?
3
What is the tens digit of 15640?
4
What is the hundreds digit of 6372?
3
What is the tens digit of 4029?
2
What is the tens digit of 21665?
6
What is the units digit of 35429?
9
What is the tens digit of 7000?
0
What is the tens digit of 77319?
1
What is the thousands digit of 11399?
1
What is the hundreds digit of 5682?
6
What is the thousands digit of 2285?
2
What is the ten thousands digit of 27121?
2
What is the units digit of 20705?
5
What is the tens digit of 1120?
2
What is the tens digit of 42564?
6
What is the thousands digit of 3119?
3
What is the hundreds digit of 21175?
1
What is the tens digit of 557?
5
What is the tens digit of 133616?
1
What is the thousands digit of 78853?
8
What is the tens digit of 47640?
4
What is the units digit of 1160?
0
What is the thousands digit of 1331?
1
What is the units digit of 12081?
1
What is the tens digit of 660?
6
What is the thousands digit of 1298?
1
What is the units digit of 6420?
0
What is the hundreds digit of 5296?
2
What is the thousands digit of 96249?
6
What is the units digit of 2435?
5
What is the hundreds digit of 6832?
8
What is the thousands digit of 1022?
1
What is the units digit of 3124?
4
What is the units digit of 1120?
0
What is the thousands digit of 93549?
3
What is the units digit of 1339?
9
What is the tens digit of 2948?
4
What is the units digit of 1264?
4
What is the units digit of 4541?
1
What is the thousands digit of 8313?
8
What is the ten thousands digit of 110991?
1
What is the units digit of 1398?
8
What is the hundreds digit of 3164?
1
What is the tens digit of 204?
0
What is the tens digit of 49014?
1
What is the hundreds digit of 553?
5
What is the tens digit of 1969?
6
What is the thousands digit of 135390?
5
What is the units digit of 754?
4
What is the thousands digit of 12698?
2
What is the units digit of 41158?
8
What is the hundreds digit of 995?
9
What is the hundreds digit of 140?
1
What is the hundreds digit of 10237?
2
What is the tens digit of 984?
8
What is the thousands digit of 4290?
4
What is the tens digit of 255?
5
What is the hundreds digit of 20252?
2
What is the hundreds digit of 116527?
5
What is the thousands digit of 8517?
8
What is the tens digit of 1109?
0
What is the hundreds digit of 22627?
6
What is the hundreds digit of 87648?
6
What is the ten thousands digit of 28553?
2
What is the thousands digit of 10964?
0
What is the thousands digit of 1010?
1
What is the units digit of 4207?
7
What is the tens digit of 995?
9
What is the thousands digit of 204649?
4
What is the hundreds digit of 2890?
8
What is the units digit of 2494?
4
What is the ten thousands digit of 78377?
7
What is the tens digit of 2071?
7
What is the tens digit of 3883?
8
What is the thousands digit of 1361?
1
What is the units digit of 1808?
8
What is the ten thousands digit of 25974?
2
What is the units digit of 14330?
0
What is the thousands digit of 17047?
7
What is the thousands digit of 4869?
4
What is the tens digit of 18396?
9
What is the units digit of 636?
6
What is the tens digit of 22832?
3
What is the thousands digit of 6515?
6
What is the tens digit of 3171?
7
What is the hundreds digit of 15131?
1
What is the tens digit of 5810?
1
What is the hundreds digit of 24922?
9
What is the ten thousands digit of 78320?
7
What is the hundreds digit of 53743?
7
What is the hundreds digit of 29699?
6
What is the units digit of 17488?
8
What is the units digit of 1038?
8
What is the ten thousands digit of 80241?
8
What is the ten thousands digit of 73029?
7
What is the hundreds digit of 443?
4
What is the tens digit of 3850?
5
What is the tens digit of 24451?
5
What is the units digit of 3293?
3
What is the thousands digit of 3398?
3
What is the thousands digit of 2310?
2
What is the thousands digit of 1330?
1
What is the tens digit of 2681?
8
What is the tens digit of 175?
7
What is the units digit of 31079?
9
What is the units digit of 74615?
5
What is the hundreds digit of 1183?
1
What is the thousands digit of 5353?
5
What is the units digit of 33340?
0
What is the tens digit of 477?
7
What is the units digit of 699?
9
What is the tens digit of 75933?
3
What is the tens digit of 31107?
0
What is the hundreds digit of 593?
5
What is the tens digit of 12791?
9
What is the hundreds digit of 1560?
5
What is the tens digit of 1651?
5
What is the tens digit of 1530?
3
What is the hundreds digit of 14763?
7
What is the hundreds digit of 2402?
4
What is the thousands digit of 2232?
2
What is the units digit of 155?
5
What is the units digit of 3702?
2
What is the hundreds digit of 25977?
9
What is the units digit of 4764?
4
What is the hundreds digit of 2324?
3
What is the tens digit of 1522?
2
What is the units digit of 8923?
3
What is the tens digit of 49865?
6
What is the units digit of 17330?
0
What is the thousands digit of 8433?
8
What is the units digit of 142788?
8
What is the tens digit of 687?
8
What is the ten thousands digit of 27439?
2
What is the units digit of 33015?
5
What is the hundreds digit of 1082?
0
What is the units digit of 1910?
0
What is the tens digit of 5873?
7
What is the units digit of 5145?
5
What is the hundreds digit of 1871?
8
What is the thousands digit of 1584?
1
What is the ten thousands digit of 43895?
4
What is the hundred thousands digit of 101158?
1
What is the ten thousands digit of 15638?
1
What is the thousands digit of 73661?
3
What is the thousands digit of 22940?
2
What is the tens digit of 13556?
5
What is the units digit of 1890?
0
What is the units digit of 397?
7
What is the hundreds digit of 5503?
5
What is the tens digit of 2289?
8
What is the hundreds digit of 6532?
5
What is the hundreds digit of 1472?
4
What is the thousands digit of 5143?
5
What is the hundreds digit of 5901?
9
What is the thousands digit of 21002?
1
What is the hundreds digit of 34458?
4
What is the hundreds digit of 267?
2
What is the units digit of 79839?
9
What is the thousands digit of 1597?
1
What is the hundreds digit of 17773?
7
What is the ten thousands digit of 23427?
2
What is the thousands digit of 9773?
9
What is the hundreds digit of 1895?
8
What is the tens digit of 232?
3
What is the tens digit of 2199?
9
What is the tens digit of 475?
7
What is the tens digit of 62716?
1
What is the tens digit of 1842?
4
What is the hundreds digit of 11179?
1
What is the hundreds digit of 42666?
6
What is the tens digit of 429?
2
What is the tens digit of 970?
7
What is the tens digit of 105388?
8
What is the tens digit of 1081?
8
What is the thousands digit of 27764?
7
What is the hundreds digit of 17026?
0
What is the thousands digit of 5538?
5
What is the hundreds digit of 911?
9
What is the hundreds digit of 33307?
3
What is the thousands digit of 3590?
3
What is the thousands digit of 2401?
2
What 